number?
True
Is 1900153 composite?
False
Is 838 a prime number?
False
Is 21313 a composite number?
False
Is 301447 composite?
False
Is 2227 prime?
False
Is 120421 prime?
False
Is 8997 composite?
True
Is 4043 prime?
False
Is 1552583 prime?
True
Is 271367 a composite number?
False
Is 1245758 a prime number?
False
Is 40559 composite?
False
Is 275105 a prime number?
False
Is 9023 composite?
True
Is 17567 composite?
True
Is 90578 composite?
True
Is 5065 composite?
True
Is 477409 composite?
False
Is 9019 a prime number?
False
Is 151273 a composite number?
False
Is 68755 a composite number?
True
Is 815 a prime number?
False
Is 2081 prime?
True
Is 246757 a prime number?
False
Is 2222653 a prime number?
True
Is 6143 composite?
False
Is 24355 prime?
False
Is 7243 prime?
True
Is 50639 composite?
True
Is 706709 a composite number?
False
Is 330821 composite?
False
Is 29483 a composite number?
False
Is 140977 a composite number?
False
Is 10369 a composite number?
False
Is 458499 composite?
True
Is 1385123 a composite number?
True
Is 974 a composite number?
True
Is 1819 prime?
False
Is 239667 composite?
True
Is 15901 a prime number?
True
Is 45143 composite?
True
Is 286607 a prime number?
False
Is 631 a composite number?
False
Is 10169 a prime number?
True
Is 869 a prime number?
False
Is 594359 a composite number?
False
Is 42433 composite?
False
Is 5143 composite?
True
Is 1397 a composite number?
True
Is 465271 a prime number?
True
Is 22759 a composite number?
True
Is 199889 composite?
False
Is 45119 prime?
True
Is 66545 prime?
False
Is 51131 a composite number?
False
Is 12889 a prime number?
True
Is 185947 composite?
False
Is 3349 composite?
True
Is 30539 composite?
False
Is 43346 a composite number?
True
Is 381481 a prime number?
True
Is 233171 composite?
True
Is 832705 composite?
True
Is 1493837 a prime number?
False
Is 5501 a prime number?
True
Is 162473 prime?
True
Is 868993 prime?
True
Is 252137 a composite number?
True
Is 117163 a composite number?
False
Is 1601 composite?
False
Is 75479 a composite number?
False
Is 431474 a prime number?
False
Is 410651 prime?
True
Is 3101 a composite number?
True
Is 504311 a composite number?
False
Is 122497 composite?
False
Is 12389 a prime number?
False
Is 55457 prime?
True
Is 23623 prime?
True
Is 1087 composite?
False
Is 2570921 a prime number?
True
Is 9227 a composite number?
False
Is 7438 a prime number?
False
Is 72035 a prime number?
False
Is 4535 a prime number?
False
Is 26747 composite?
True
Is 75883 a prime number?
True
Is 60953 a composite number?
False
Is 478889 composite?
True
Is 3683 a composite number?
True
Is 1295974 prime?
False
Is 27199 a composite number?
True
Is 11243 composite?
False
Is 99079 a prime number?
True
Is 556843 prime?
False
Is 699931 prime?
True
Is 11905 a composite number?
True
Is 18947 a composite number?
False
Is 20011 a composite number?
False
Is 152499 composite?
True
Is 787 prime?
True
Is 12811 composite?
True
Is 101037 a composite number?
True
Is 1211401 composite?
True
Is 97013 prime?
False
Is 149585 a prime number?
False
Is 73247 a prime number?
False
Is 135887 prime?
True
Is 2333 prime?
True
Is 75133 prime?
True
Is 28873 a composite number?
True
Is 812627 composite?
False
Is 820541 a composite number?
False
Is 22063 composite?
False
Is 428981 a prime number?
False
Is 427802 a composite number?
True
Is 2777 a composite number?
False
Is 1003 a prime number?
False
Is 64553 composite?
False
Is 72307 a composite number?
False
Is 60299 prime?
False
Is 4721 a composite number?
False
Is 4751 a composite number?
False
Is 387545 a composite number?
True
Is 24407 a prime number?
True
Is 38513 composite?
True
Is 469 a prime number?
False
Is 1477 composite?
True
Is 1499983 composite?
True
Is 40577 a prime number?
True
Is 34647 a prime number?
False
Is 68543 a composite number?
False
Is 28697 a composite number?
False
Is 4157399 a prime number?
True
Is 419231 composite?
False
Is 4541 a composite number?
True
Is 594023 composite?
False
Is 113 a composite number?
False
Is 12667 prime?
False
Is 33809 prime?
True
Is 1641 a composite number?
True
Is 608621 composite?
True
Is 14683 a prime number?
True
Is 2805047 composite?
True
Is 6683 a composite number?
True
Is 2051 a prime number?
False
Is 111778 composite?
True
Is 12389 a prime number?
False
Is 55351 a composite number?
False
Is 4627 a prime number?
False
Is 3787 composite?
True
Is 23159 prime?
True
Is 303959 composite?
False
Is 449 prime?
True
Is 2986 a prime number?
False
Is 20201 a composite number?
False
Is 15727 a prime number?
True
Is 2101 prime?
False
Is 61309 a prime number?
False
Is 4481 prime?
True
Is 11623 a prime number?
False
Is 52447 a prime number?
False
Is 11141 a prime number?
False
Is 47935 a composite number?
True
Is 59347 composite?
True
Is 14114 prime?
False
Is 60181 composite?
True
Is 10817 a prime number?
False
Is 459939 composite?
True
Is 31957 composite?
False
Is 353063 a prime number?
False
Is 14779 a composite number?
False
Is 319097 a composite number?
False
Is 68659 a composite number?
False
Is 86902 a prime number?
False
Is 7993 a prime number?
True
Is 109973 a composite number?
True
Is 29537 composite?
False
Is 43037 composite?
False
Is 20201 a composite number?
False
Is 127637 composite?
False
Is 12515 a prime number?
False
Is 4391 a prime number?
True
Is 581089 composite?
False
Is 7243 a prime number?
True
Is 166781 prime?
True
Is 1111 prime?
False
Is 2707 prime?
True
Is 5857 composite?
False
Is 9047 composite?
True
Is 150999 a composite number?
True
Is 27257 a prime number?
False
Is 22013 prime?
True
Is 80651 a composite number?
False
Is 3317 prime?
False
Is 78599 prime?
False
Is 731551 prime?
False
Is 7901 a prime number?
True
Is 268153 composite?
False
Is 535 a prime number?
False
Is 118661 prime?
True
Is 35561 composite?
True
Is 1777 a composite number?
False
Is 60247 a composite number?
True
Is 1755697 composite?
False
Is 8219 composite?
False
Is 107585 a composite number?
True
Is 316127 composite?
True
Is 6343277 a prime number?
True
Is 1901 a prime number?
True
Is 823855 a composite number?
True
Is 7822589 prime?
True
Is 19961 composite?
False
Is 17729 a prime number?
True
Is 39127 a composite number?
True
Is 5557 composite?
False
Is 5039 a composite number?
False
Is 2897 a prime number?
True
Is 104827 prime?
True
Is 66995 a prime number?
False
Is 4649 composite?
False
Is 1049 a composite number?
False
Is 1397 a composite number?
True
Is 2473 a composite number?
False
Is 4621 composite?
False
Is 6121 a prime number?
True
Is 62417 a prime number?
True
Is 222001 composite?
True
Is 83837 prime?
False
Is 3299 a composite number?
False
Is 67033 a composite number?
False
Is 87499 composite?
True
Is 16759 prime?
True
Is 1043 a prime number?
False
Is 9305 a prime number?
False
Is 208303 composite?
True
Is 104863 prime?
False
Is 402149 prime?
False
Is 29649 a prime number?
False
Is 631535 prime?
False
Is 83949 a prime number?
False
Is 56687 a prime number?
True
Is 14983 composite?
False
Is 484521 a composite number?
True
Is 15119 a prime number?
False
Is 94177 composite?
True
Is 422231 a composite number?
False
Is 255413 a prime number?
True
Is 7247 composite?
False
Is 143 a composite number?
True
Is 3593 prime?
True
Is 65057 composite?
True
Is 16871 prime?
True
Is 82385 prime?
False
Is 21451 composite?
True
Is 773407 a composite number?
False
Is 27733 a prime number?
True
Is 2129 a composite number?
False
Is 48973 composite?
False
Is 14051 composite?
False
Is 22141 prime?
False
Is 6449 composite?
False
Is 39019 prime?
True
Is 2954789 a composite number?
False
Is 2822707 composite?
False
Is 48221 a composite number?
False
Is 54751 composite?
False
Is 907 a prime number?
True
Is 424537 a prime number?
True
Is 10487 composite?
False
Is 331739 a prime number?
True
Is 39659 a composite number?
False
Is 42061 composite?
False
Is 75111 prime?
False
Is 7819 a composite number?
True
Is 42947 composite?
True
Is 6883 prime?
True
Is 85 prime?
False
Is 1372207 composite?
False
Is 40879 prime?
True
Is 10441 prime?
False
Is 55453 a prime number?
False
Is 467 a prime number?
True
Is 81281 a prime number?
True
Is 14969 a prime number?
True
Is 81386 composite?
True
Is 95 a prime number?
False
Is 269089 a prime number?
Tru